True
Is 194965 composite?
True
Is 31029 a prime number?
False
Is 8767 a composite number?
True
Is 11569 a prime number?
False
Is 58043 composite?
False
Is 41167 a composite number?
True
Is 120157 a composite number?
False
Is 172933 a prime number?
True
Is 18947 a composite number?
False
Is 395023 composite?
False
Is 24637 a composite number?
True
Is 10655 a composite number?
True
Is 432103 a composite number?
True
Is 11013 a prime number?
False
Is 140299 composite?
True
Is 15601 prime?
True
Is 18143 a composite number?
False
Is 1827413 a composite number?
True
Is 9793 prime?
False
Is 16127 a composite number?
False
Is 361763 a composite number?
False
Is 17291 prime?
True
Is 197339 a prime number?
True
Is 33049 prime?
True
Is 5969 composite?
True
Is 11851 composite?
True
Is 527273 a composite number?
False
Is 612133 a composite number?
False
Is 34049 a composite number?
True
Is 1217831 composite?
False
Is 28369 prime?
False
Is 85 prime?
False
Is 30649 composite?
False
Is 36913 composite?
False
Is 41703 a prime number?
False
Is 36467 composite?
False
Is 2961479 prime?
True
Is 27193 a composite number?
True
Is 67307 a prime number?
True
Is 448907 a prime number?
True
Is 141467 a composite number?
True
Is 147853 composite?
False
Is 12049 composite?
False
Is 213985 composite?
True
Is 13093 a prime number?
True
Is 79042 composite?
True
Is 10771 composite?
False
Is 13669 a composite number?
False
Is 2426 composite?
True
Is 9019 prime?
False
Is 30341 a composite number?
False
Is 1741 prime?
True
Is 31937 a composite number?
True
Is 96643 prime?
True
Is 9299 prime?
False
Is 201389 composite?
False
Is 111883 a composite number?
True
Is 15391 prime?
True
Is 48962 a prime number?
False
Is 14489 a composite number?
False
Is 2309 prime?
True
Is 67679 a prime number?
True
Is 6167 prime?
False
Is 7853 composite?
False
Is 168781 prime?
True
Is 51329 composite?
False
Is 66217 a composite number?
True
Is 94195 composite?
True
Is 4333 composite?
True
Is 15999 a composite number?
True
Is 1811015 composite?
True
Is 1209517 prime?
True
Is 781199 a prime number?
True
Is 3083 prime?
True
Is 413749 a prime number?
False
Is 1680487 prime?
False
Is 5471 a composite number?
False
Is 6211 prime?
True
Is 1106151 prime?
False
Is 2815 a prime number?
False
Is 379571 prime?
True
Is 2053 a composite number?
False
Is 1124651 a prime number?
False
Is 34811 a composite number?
True
Is 11633 a prime number?
True
Is 43331 a composite number?
False
Is 40615 a prime number?
False
Is 36745 composite?
True
Is 5755 prime?
False
Is 72563 a prime number?
False
Is 280499 a composite number?
False
Is 11901 a composite number?
True
Is 21542 composite?
True
Is 63637 composite?
True
Is 12713 a prime number?
True
Is 6469 a prime number?
True
Is 1943 composite?
True
Is 587065 prime?
False
Is 15359 a composite number?
False
Is 473633 a prime number?
True
Is 53011 a prime number?
False
Is 1369 composite?
True
Is 7609 composite?
True
Is 7621 composite?
False
Is 17921 prime?
True
Is 353047 a prime number?
True
Is 178739 a prime number?
False
Is 8479 a composite number?
True
Is 24789 a composite number?
True
Is 1069777 a composite number?
False
Is 2083889 prime?
True
Is 44167 a composite number?
True
Is 952349 composite?
False
Is 25409 prime?
True
Is 48419 a composite number?
True
Is 232451 composite?
False
Is 486791 composite?
True
Is 1009 composite?
False
Is 30209 a composite number?
True
Is 412311 prime?
False
Is 501871 a prime number?
False
Is 73417 a prime number?
True
Is 227663 a composite number?
False
Is 838451 a prime number?
False
Is 18229 a composite number?
False
Is 3418829 a composite number?
False
Is 257219 prime?
True
Is 2042 a composite number?
True
Is 124789 composite?
True
Is 79637 a prime number?
False
Is 250769 a composite number?
True
Is 1749134 composite?
True
Is 16411 a composite number?
False
Is 4421 composite?
False
Is 193659 a composite number?
True
Is 9917 a prime number?
False
Is 2293 composite?
False
Is 424735 a prime number?
False
Is 2531 composite?
False
Is 42487 a prime number?
True
Is 28729 a prime number?
True
Is 6029 composite?
False
Is 1349 a composite number?
True
Is 14879 a composite number?
False
Is 33247 a composite number?
False
Is 23399 a prime number?
True
Is 253037 a prime number?
False
Is 1099223 a prime number?
True
Is 441661 prime?
False
Is 484339 prime?
True
Is 12881 a prime number?
False
Is 1583 composite?
False
Is 80737 composite?
False
Is 18427 a composite number?
False
Is 58691 composite?
True
Is 1084487 composite?
True
Is 71971 composite?
False
Is 831529 composite?
False
Is 59333 a prime number?
True
Is 30757 a prime number?
True
Is 887171 a composite number?
False
Is 259703 a prime number?
False
Is 51931 prime?
False
Is 2941 a composite number?
True
Is 13751 prime?
True
Is 155399 a prime number?
True
Is 111139 prime?
False
Is 40873 prime?
False
Is 372131 a prime number?
True
Is 147751 prime?
False
Is 4703 a composite number?
False
Is 105647 a composite number?
True
Is 6421 a composite number?
False
Is 716189 composite?
True
Is 132017 a prime number?
False
Is 2647 composite?
False
Is 38411 a prime number?
False
Is 426494 prime?
False
Is 4487 prime?
False
Is 4148605 prime?
False
Is 215653 a prime number?
True
Is 438799 composite?
True
Is 45995 prime?
False
Is 82207 composite?
False
Is 41113 a prime number?
True
Is 5027 a prime number?
False
Is 3734 a prime number?
False
Is 724769 a composite number?
False
Is 31757 a composite number?
True
Is 131069 composite?
True
Is 51457 composite?
True
Is 1171 a composite number?
False
Is 116789 a composite number?
False
Is 192943 prime?
False
Is 647 prime?
True
Is 213067 a prime number?
True
Is 53579 composite?
True
Is 677399 composite?
True
Is 859 composite?
False
Is 1823 composite?
False
Is 20849 a composite number?
False
Is 133063 composite?
True
Is 46283 a composite number?
True
Is 1793 a composite number?
True
Is 293 prime?
True
Is 1650161 a prime number?
False
Is 198851 a composite number?
False
Is 1140283 a composite number?
True
Is 8981 a composite number?
True
Is 247433 prime?
True
Is 493 a prime number?
False
Is 167849 prime?
False
Is 14765 composite?
True
Is 1197543 a prime number?
False
Is 2497 prime?
False
Is 210662 a composite number?
True
Is 19889 a composite number?
False
Is 809 prime?
True
Is 8495 prime?
False
Is 49849 prime?
False
Is 20873 prime?
True
Is 283697 a composite number?
False
Is 271261 a composite number?
False
Is 66245 composite?
True
Is 660423 composite?
True
Is 202277 a composite number?
False
Is 1914281 composite?
True
Is 17159 a composite number?
False
Is 15133 a composite number?
True
Is 5899 a prime number?
False
Is 237997 a prime number?
True
Is 33563 a prime number?
True
Is 16973 composite?
True
Is 438329 prime?
True
Is 191 a composite number?
False
Is 110233 a prime number?
True
Is 593933 a prime number?
True
Is 180451 prime?
False
Is 7121 a prime number?
True
Is 285247 a composite number?
True
Is 2749 a prime number?
True
Is 335207 composite?
False
Is 91493 a composite number?
False
Is 193937 a composite number?
False
Is 92737 a prime number?
True
Is 32567 a prime number?
False
Is 47211 a composite number?
True
Is 11383 a composite number?
False
Is 32477 a composite number?
True
Is 1639 prime?
False
Is 102995 a composite number?
True
Is 1417 a prime number?
False
Is 3315817 a prime number?
True
Is 1273 a prime number?
False
Is 27385 composite?
True
Is 30187 prime?
True
Is 403187 a composite number?
True
Is 1678 composite?
True
Is 12539 composite?
False
Is 2333 composite?
False
Is 6271327 a composite number?
False
Is 45607 composite?
True
Is 6119 prime?
False
Is 1895939 a prime number?
True
Is 59849 composite?
True
Is 2641 prime?
False
Is 131 a prime number?
True
Is 1621 composite?
False
Is 57961 a prime number?
False
Is 11269 composite?
True
Is 21457 a prime number?
False
Is 7513 a composite number?
True
Is 160117 composite?
False
Is 736643 composite?
True
Is 1483783 prime?
False
Is 334433 a composite number?
True
Is 145615 prime?
False
Is 30111 a composite number?
True
Is 4228899 composite?
True
Is 110963 prime?
False
Is 98351 a prime number?
False
Is 85607 a composite number?
False
Is 1117 composite?
False
Is 34019 a composite number?
False
Is 63233 prime?
False
Is 5